n 159 is divided by 36.
15
What is the remainder when 277 is divided by 29?
16
Calculate the remainder when 1196 is divided by 63.
62
Calculate the remainder when 287 is divided by 103.
81
What is the remainder when 314 is divided by 53?
49
Calculate the remainder when 525 is divided by 9.
3
What is the remainder when 1199 is divided by 12?
11
What is the remainder when 739 is divided by 29?
14
Calculate the remainder when 1010 is divided by 78.
74
What is the remainder when 301 is divided by 80?
61
What is the remainder when 4250 is divided by 57?
32
Calculate the remainder when 672 is divided by 280.
112
What is the remainder when 11421 is divided by 28?
25
What is the remainder when 562 is divided by 94?
92
Calculate the remainder when 510 is divided by 27.
24
Calculate the remainder when 540 is divided by 79.
66
What is the remainder when 6505 is divided by 27?
25
Calculate the remainder when 354 is divided by 36.
30
What is the remainder when 1077 is divided by 49?
48
What is the remainder when 766 is divided by 12?
10
Calculate the remainder when 98 is divided by 33.
32
What is the remainder when 3451 is divided by 48?
43
What is the remainder when 17980 is divided by 162?
160
What is the remainder when 405 is divided by 58?
57
Calculate the remainder when 9393 is divided by 241.
235
Calculate the remainder when 235 is divided by 15.
10
What is the remainder when 125 is divided by 32?
29
What is the remainder when 164 is divided by 21?
17
What is the remainder when 212 is divided by 25?
12
What is the remainder when 431 is divided by 29?
25
What is the remainder when 232 is divided by 59?
55
What is the remainder when 151 is divided by 26?
21
Calculate the remainder when 9277 is divided by 116.
113
What is the remainder when 1087 is divided by 99?
97
Calculate the remainder when 1526 is divided by 153.
149
Calculate the remainder when 1244 is divided by 139.
132
Calculate the remainder when 474 is divided by 25.
24
Calculate the remainder when 314 is divided by 113.
88
Calculate the remainder when 207 is divided by 6.
3
What is the remainder when 182 is divided by 72?
38
What is the remainder when 71 is divided by 12?
11
What is the remainder when 1453 is divided by 304?
237
What is the remainder when 1609 is divided by 36?
25
What is the remainder when 63 is divided by 21?
0
Calculate the remainder when 610 is divided by 15.
10
Calculate the remainder when 889 is divided by 278.
55
What is the remainder when 757 is divided by 62?
13
Calculate the remainder when 645 is divided by 18.
15
Calculate the remainder when 553 is divided by 112.
105
What is the remainder when 1431 is divided by 239?
236
Calculate the remainder when 29 is divided by 29.
0
Calculate the remainder when 299 is divided by 25.
24
Calculate the remainder when 772 is divided by 384.
4
Calculate the remainder when 193 is divided by 50.
43
Calculate the remainder when 885 is divided by 280.
45
What is the remainder when 313 is divided by 7?
5
Calculate the remainder when 2435 is divided by 344.
27
What is the remainder when 347 is divided by 51?
41
Calculate the remainder when 517 is divided by 172.
1
Calculate the remainder when 486 is divided by 244.
242
Calculate the remainder when 5290 is divided by 54.
52
Calculate the remainder when 4204 is divided by 1047.
16
Calculate the remainder when 1083 is divided by 93.
60
What is the remainder when 555 is divided by 140?
135
Calculate the remainder when 66 is divided by 14.
10
What is the remainder when 466 is divided by 45?
16
What is the remainder when 176 is divided by 151?
25
What is the remainder when 153 is divided by 6?
3
What is the remainder when 198 is divided by 65?
3
What is the remainder when 209 is divided by 53?
50
Calculate the remainder when 80 is divided by 73.
7
Calculate the remainder when 802 is divided by 62.
58
Calculate the remainder when 155 is divided by 32.
27
What is the remainder when 356 is divided by 68?
16
Calculate the remainder when 2952 is divided by 727.
44
What is the remainder when 189 is divided by 16?
13
What is the remainder when 118 is divided by 46?
26
What is the remainder when 92 is divided by 70?
22
What is the remainder when 376 is divided by 103?
67
Calculate the remainder when 220 is divided by 56.
52
What is the remainder when 643 is divided by 54?
49
What is the remainder when 179 is divided by 15?
14
Calculate the remainder when 498 is divided by 50.
48
What is the remainder when 792 is divided by 53?
50
Calculate the remainder when 33 is divided by 18.
15
What is the remainder when 39 is divided by 12?
3
Calculate the remainder when 3742 is divided by 14.
4
Calculate the remainder when 786 is divided by 260.
6
What is the remainder when 4409 is divided by 49?
48
What is the remainder when 14535 is divided by 20?
15
What is the remainder when 875 is divided by 22?
17
What is the remainder when 2055 is divided by 35?
25
What is the remainder when 88 is divided by 33?
22
What is the remainder when 159 is divided by 20?
19
What is the remainder when 277 is divided by 65?
17
Calculate the remainder when 153 is divided by 11.
10
Calculate the remainder when 31 is divided by 4.
3
What is the remainder when 1052 is divided by 44?
40
Calculate the remainder when 155 is divided by 24.
11
Calculate the remainder when 1199 is divided by 149.
7
Calculate the remainder when 6029 is divided by 71.
65
What is the remainder when 511 is divided by 3?
1
Calculate the remainder when 205 is divided by 30.
25
What is the remainder when 2691 is divided by 93?
87
What is the remainder when 233 is divided by 48?
41
Calculate the remainder when 794 is divided by 6.
2
Calculate the remainder when 1959 is divided by 19.
2
Calculate the remainder when 712 is divided by 248.
216
What is the remainder when 2052 is divided by 79?
77
What is the remainder when 6658 is divided by 19?
8
Calculate the remainder when 5102 is divided by 111.
107
What is the remainder when 27050 is divided by 6?
2
What is the remainder when 475 is divided by 151?
22
Calculate the remainder when 23 is divided by 18.
5
What is the remainder when 4009 is divided by 16?
9
What is the remainder when 234 is divided by 83?
68
Calculate the remainder when 12804 is divided by 13.
12
What is the remainder when 1602 is divided by 177?
9
Calculate the remainder when 4181 is divided by 135.
131
What is the remainder when 3330 is divided by 88?
74
What is the remainder when 1038 is divided by 21?
9
What is the remainder when 3004 is divided by 94?
90
Calculate the remainder when 100 is divided by 18.
10
Calculate the remainder when 949 is divided by 315.
4
Calculate the remainder when 778 is divided by 49.
43
Calculate the remainder when 760 is divided by 248.
16
Calculate the remainder when 176 is divided by 93.
83
What is the remainder when 93 is divided by 55?
38
What is the remainder when 7953 is divided by 156?
153
Calculate the remainder when 537 is divided by 49.
47
Calculate the remainder when 28 is divided by 12.
4
Calculate the remainder when 177 is divided by 20.
17
Calculate the remainder when 69 is divided by 3.
0
Calculate the remainder when 1203 is divided by 135.
123
What is the remainder when 28586 is divided by 13?
12
Calculate the remainder when 166 is divided by 57.
52
What is the remainder when 655 is divided by 94?
91
Calculate the remainder when 365 is divided by 85.
25
What is the remainder when 2658 is divided by 35?
33
What is the remainder when 1972 is divided by 23?
17
Calculate the remainder when 113 is divided by 14.
1
Calculate the remainder when 173 is divided by 37.
25
What is the remainder when 260 is divided by 74?
38
What is the remainder when 10317 is divided by 12?
9
What is the remainder when 1062 is divided by 38?
36
What is the remainder when 351 is divided by 16?
15
What is the remainder when 445 is divided by 33?
16
Calculate the remainder when 303 is divided by 40.
23
Calculate the remainder when 1423 is divided by 4.
3
What is the remainder when 1948 is divided by 75?
73
What is the remainder when 773 is divided by 146?
43
Calculate the remainder when 8580 is divided by 31.
24
Calculate the remainder when 11899 is divided by 20.
19
What is the remainder when 514 is divided by 87?
79
Calculat